the hundred millions digit of 2332774212?
3
What is the ten millions digit of 2090837200?
9
What is the ten millions digit of 78514969?
7
What is the millions digit of 86015006?
6
What is the ten thousands digit of 522688836?
8
What is the hundreds digit of 156635536?
5
What is the hundred thousands digit of 4628416924?
4
What is the hundreds digit of 1199674725?
7
What is the hundreds digit of 37289003?
0
What is the ten thousands digit of 472394062?
9
What is the millions digit of 22733487?
2
What is the billions digit of 4881530130?
4
What is the thousands digit of 78779527?
9
What is the ten millions digit of 3629682858?
2
What is the ten millions digit of 3589725622?
8
What is the tens digit of 663294912?
1
What is the millions digit of 54972326?
4
What is the units digit of 758289816?
6
What is the thousands digit of 1587114001?
4
What is the units digit of 305287962?
2
What is the thousands digit of 1534197192?
7
What is the hundred thousands digit of 275489623?
4
What is the ten millions digit of 5635207555?
3
What is the hundred thousands digit of 103686318?
6
What is the tens digit of 375508478?
7
What is the hundred millions digit of 191289608?
1
What is the units digit of 3552226063?
3
What is the hundred thousands digit of 514907276?
9
What is the thousands digit of 2547233998?
3
What is the tens digit of 205396724?
2
What is the hundred thousands digit of 176475825?
4
What is the ten millions digit of 2439620558?
3
What is the hundred thousands digit of 28973228?
9
What is the units digit of 47877398?
8
What is the ten millions digit of 1347263682?
4
What is the hundred millions digit of 1987210100?
9
What is the hundred millions digit of 370207928?
3
What is the thousands digit of 108005892?
5
What is the hundred millions digit of 4738180076?
7
What is the units digit of 188414348?
8
What is the millions digit of 531328159?
1
What is the thousands digit of 56841894?
1
What is the ten thousands digit of 26578087?
7
What is the tens digit of 42692018?
1
What is the hundred thousands digit of 789624921?
6
What is the thousands digit of 129830011?
0
What is the millions digit of 40505170?
0
What is the hundreds digit of 414611073?
0
What is the ten millions digit of 338020959?
3
What is the ten thousands digit of 743072257?
7
What is the thousands digit of 115892742?
2
What is the hundred thousands digit of 38761056?
7
What is the thousands digit of 176922578?
2
What is the ten millions digit of 16486009?
1
What is the hundred millions digit of 390605852?
3
What is the ten thousands digit of 1252554460?
5
What is the millions digit of 6771501556?
1
What is the thousands digit of 205187658?
7
What is the millions digit of 425954706?
5
What is the tens digit of 9159501?
0
What is the hundreds digit of 7910315?
3
What is the thousands digit of 3345470?
5
What is the tens digit of 86663785?
8
What is the thousands digit of 17404842?
4
What is the ten thousands digit of 55006659?
0
What is the ten thousands digit of 389867243?
6
What is the hundred thousands digit of 15288949?
2
What is the hundreds digit of 742532198?
1
What is the hundreds digit of 40578625?
6
What is the millions digit of 43875695?
3
What is the hundreds digit of 486792936?
9
What is the hundreds digit of 8360181087?
0
What is the ten millions digit of 1461386570?
6
What is the ten thousands digit of 3208201578?
0
What is the millions digit of 112778291?
2
What is the ten thousands digit of 243088734?
8
What is the units digit of 359363033?
3
What is the tens digit of 4361421680?
8
What is the hundred millions digit of 3953914548?
9
What is the ten millions digit of 2027467355?
2
What is the thousands digit of 2771592?
1
What is the tens digit of 7164028390?
9
What is the units digit of 1612220386?
6
What is the units digit of 389182447?
7
What is the millions digit of 189085174?
9
What is the units digit of 95175433?
3
What is the hundred thousands digit of 472015200?
0
What is the units digit of 40273769?
9
What is the ten thousands digit of 44482196?
8
What is the hundreds digit of 64959527?
5
What is the thousands digit of 1761382991?
2
What is the hundreds digit of 290913?
9
What is the millions digit of 3938394785?
8
What is the units digit of 23696811?
1
What is the ten thousands digit of 12018519?
1
What is the billions digit of 3426753466?
3
What is the thousands digit of 455788564?
8
What is the millions digit of 52461780?
2
What is the units digit of 189085042?
2
What is the units digit of 956133714?
4
What is the ten millions digit of 60239624?
6
What is the tens digit of 150192816?
1
What is the millions digit of 851198723?
1
What is the millions digit of 113998548?
3
What is the billions digit of 1333032871?
1
What is the ten thousands digit of 2679355?
7
What is the ten millions digit of 14584873?
1
What is the tens digit of 522961623?
2
What is the units digit of 267546664?
4
What is the ten millions digit of 4666170910?
6
What is the hundred thousands digit of 157295058?
2
What is the tens digit of 32603411?
1
What is the hundreds digit of 12972246?
2
What is the thousands digit of 2966019141?
9
What is the hundred thousands digit of 197662690?
6
What is the millions digit of 1567014457?
7
What is the billions digit of 3668084932?
3
What is the hundreds digit of 4162870225?
2
What is the thousands digit of 601617199?
7
What is the units digit of 109678253?
3
What is the hundred thousands digit of 51446571?
4
What is the ten thousands digit of 83864956?
6
What is the ten millions digit of 24495737?
2
What is the ten millions digit of 702931805?
0
What is the ten thousands digit of 36031838?
3
What is the hundreds digit of 2599027722?
7
What is the ten millions digit of 43449473?
4
What is the ten millions digit of 273999714?
7
What is the hundred thousands digit of 324872315?
8
What is the ten millions digit of 497338799?
9
What is the thousands digit of 632809776?
9
What is the hundred thousands digit of 7920830328?
8
What is the billions digit of 5546976819?
5
What is the hundred thousands digit of 19015917?
0
What is the hundred millions digit of 146108465?
1
What is the millions digit of 409752876?
9
What is the ten millions digit of 709105031?
0
What is the ten millions digit of 5238260727?
3
What is the ten thousands digit of 45633560?
3
What is the millions digit of 387762000?
7
What is the millions digit of 95252992?
5
What is the millions digit of 122647271?
2
What is the ten millions digit of 344975778?
4
What is the hundreds digit of 490626265?
2
What is the hundred thousands digit of 247085482?
0
What is the ten millions digit of 726686192?
2
What is the ten thousands digit of 119294560?
9
What is the thousands digit of 1370846859?
6
What is the millions digit of 2839105221?
9
What is the hundred thousands digit of 527737897?
7
What is the hundred thousands digit of 15798411?
7
What is the hundreds digit of 157217637?
6
What is the hundred thousands digit of 53854298?
8
What is the ten millions digit of 38915844?
3
What is the units digit of 492895007?
7
What is the ten thousands digit of 519746211?
4
What is the tens digit of 1168595?
9
What is the units digit of 134660890?
0
What is the hundreds digit of 488019745?
7
What is the hundred millions digit of 963925718?
9
What is the hundred thousands digit of 18328343?
3
What is the units digit of 7370578?
8
What is the thousands digit of 381751411?
1
What is the units digit of 24959484?
4
What is the thousands digit of 838883322?
3
What is the tens digit of 73687456?
5
What is the thousands digit of 342465252?
5
What is the thousands digit of 71345274?
5
What is the tens digit of 396356234?
3
What is the millions digit of 283893793?
3
What is the ten thousands digit of 3735127117?
2
What is the ten millions digit of 2698794658?
9
What is the hundred thousands digit of 106814535?
8
What is the hundred millions digit of 903060321?
9
What is the ten millions digit of 250095184?
5
What is the ten thousands digit of 13762460?
6
What is the ten thousands digit of 87224836?
2
What is the billions digit of 3474604136?
3
What is the billions digit of 6033208703?
6
What is the units digit of 6663670?
0
What is the hundred thousands digit of 142181428?
1
What is the tens digit of 1651716593?
9
Wha